o base 15.
-43
-6 (base 10) to base 6
-10
What is 5c (base 14) in base 15?
57
22 (base 3) to base 16
8
40 (base 13) to base 15
37
Convert 2 (base 6) to base 10.
2
What is 1110 (base 3) in base 14?
2b
-22 (base 5) to base 3
-110
Convert d1 (base 15) to base 4.
3010
-2 (base 5) to base 7
-2
Convert -126 (base 7) to base 6.
-153
30 (base 10) to base 3
1010
-6 (base 15) to base 16
-6
Convert 1 (base 9) to base 7.
1
Convert 87 (base 9) to base 16.
4f
Convert 81 (base 13) to base 5.
410
-1 (base 12) to base 7
-1
-3 (base 13) to base 4
-3
-2 (base 5) to base 6
-2
Convert 1 (base 6) to base 10.
1
Convert 7 (base 9) to base 8.
7
What is 3 (base 8) in base 3?
10
Convert -4 (base 16) to base 2.
-100
What is -c4 (base 13) in base 10?
-160
Convert -11 (base 10) to base 5.
-21
3a (base 15) to base 13
43
What is 67 (base 12) in base 8?
117
Convert -112 (base 3) to base 13.
-11
What is 21200 (base 3) in base 4?
3033
What is -4 (base 7) in base 10?
-4
Convert 20 (base 5) to base 4.
22
Convert -2 (base 4) to base 9.
-2
-3 (base 9) to base 14
-3
21 (base 11) to base 12
1b
What is 0 (base 10) in base 9?
0
202 (base 3) to base 10
20
-5c (base 13) to base 7
-140
Convert 11 (base 3) to base 15.
4
What is -26 (base 16) in base 6?
-102
What is 1000111 (base 2) in base 4?
1013
What is -27 (base 15) in base 6?
-101
-1113 (base 4) to base 15
-5c
Convert -211 (base 4) to base 16.
-25
What is -2 (base 3) in base 10?
-2
What is 31 (base 4) in base 2?
1101
What is 1b (base 13) in base 10?
24
Convert f (base 16) to base 3.
120
Convert -11 (base 11) to base 10.
-12
-1 (base 8) to base 14
-1
Convert 2 (base 10) to base 4.
2
-47 (base 9) to base 5
-133
Convert -9 (base 10) to base 7.
-12
What is a3 (base 16) in base 2?
10100011
What is 64 (base 13) in base 15?
57
Convert -1000 (base 2) to base 13.
-8
11 (base 3) to base 2
100
Convert -443 (base 5) to base 9.
-146
1010100 (base 2) to base 14
60
Convert 3 (base 12) to base 11.
3
-110 (base 2) to base 6
-10
Convert 0 (base 11) to base 13.
0
Convert -241 (base 5) to base 7.
-131
Convert -122 (base 7) to base 4.
-1001
-39 (base 14) to base 16
-33
Convert 11 (base 10) to base 5.
21
What is -50 (base 8) in base 14?
-2c
Convert 0 (base 10) to base 8.
0
Convert 10 (base 4) to base 11.
4
Convert 8 (base 15) to base 7.
11
-43 (base 12) to base 5
-201
What is 37 (base 16) in base 9?
61
What is 11 (base 14) in base 2?
1111
What is -21 (base 4) in base 7?
-12
Convert 8 (base 11) to base 10.
8
-41 (base 10) to base 16
-29
What is 1b (base 12) in base 3?
212
Convert 26 (base 15) to base 14.
28
What is -110 (base 4) in base 13?
-17
What is -21 (base 10) in base 4?
-111
Convert 2000 (base 3) to base 10.
54
Convert -55 (base 12) to base 4.
-1001
What is 0 (base 10) in base 5?
0
What is -20 (base 6) in base 7?
-15
324 (base 7) to base 3
20010
Convert -24 (base 6) to base 14.
-12
16 (base 13) to base 14
15
What is 5 (base 12) in base 4?
11
Convert -11 (base 11) to base 13.
-c
What is -17 (base 15) in base 2?
-10110
103 (base 7) to base 8
64
122 (base 5) to base 16
25
What is 2d (base 15) in base 14?
31
45 (base 7) to base 11
30
Convert 4 (base 16) to base 8.
4
b (base 15) to base 3
102
-4 (base 11) to base 13
-4
-16 (base 12) to base 10
-18
-11a (base 14) to base 15
-ea
73 (base 9) to base 6
150
What is -21 (base 11) in base 13?
-1a
1 (base 2) to base 14
1
What is 2 (base 14) in base 2?
10
What is 6 (base 16) in base 3?
20
Convert 13 (base 9) to base 11.
11
1 (base 12) to base 16
1
Convert 244 (base 5) to base 6.
202
What is 54 (base 11) in base 2?
111011
What is -1003 (base 4) in base 11?
-61
What is 0 (base 10) in base 4?
0
Convert 88 (base 15) to base 4.
2000
What is 0 (base 13) in base 10?
0
What is 12 (base 3) in base 8?
5
What is 21 (base 4) in base 3?
100
Convert -3 (base 10) to base 14.
-3
Convert 40 (base 7) to base 10.
28
-1 (base 7) to base 2
-1
-4 (base 10) to base 13
-4
-204 (base 7) to base 8
-146
-10 (base 2) to base 12
-2
1 (base 10) to base 16
1
What is 6 (base 11) in base 4?
12
51 (base 7) to base 11
33
-2 (base 9) to base 6
-2
What is 123 (base 16) in base 15?
146
Convert -1 (base 11) to base 13.
-1
Convert 3 (base 10) to base 3.
10
-3 (base 12) to base 7
-3
-23 (base 9) to base 4
-111
-5 (base 8) to base 6
-5
What is -24 (base 14) in base 6?
-52
What is 3 (base 15) in base 14?
3
Convert 2e (base 16) to base 15.
31
Convert -2 (base 8) to base 14.
-2
8a (base 14) to base 6
322
What is 4 (base 10) in base 6?
4
0 (base 12) to base 11
0
10 (base 14) to base 9
15
Convert -7 (base 15) to base 14.
-7
What is 5 (base 9) in base 2?
101
17 (base 12) to base 14
15
-7b (base 15) to base 4
-1310
Convert -4 (base 8) to base 7.
-4
Convert -19 (base 10) to base 5.
-34
Convert -14 (base 12) to base 9.
-17
-18 (base 10) to base 16
-12
11011 (base 2) to base 11
25
Convert -1 (base 12) to base 8.
-1
What is -9 (base 10) in base 16?
-9
What is 1a (base 12) in base 16?
16
What is -41 (base 15) in base 10?
-61
Convert -7 (base 11) to base 7.
-10
Convert 44 (base 6) to base 13.
22
71 (base 10) to base 16
47
What is -504 (base 7) in base 4?
-3321
Convert -56 (base 8) to base 7.
-64
What is 6 (base 10) in base 15?
6
-10110 (base 2) to base 8
-26
What is 113 (base 9) in base 6?
233
-20 (base 7) to base 15
-e
0 (base 15) to base 5
0
Convert 221 (base 4) to base 5.
131
Convert -45 (base 13) to base 15.
-3c
-1 (base 10) to base 7
-1
What is -3 (base 6) in base 14?
-3
What is a (base 16) in base 3?
101
-215 (base 6) to base 7
-146
-1100 (base 2) to base 4
-30
6 (base 8) to base 2
110
9 (base 15) to base 5
14
0 (base 14) to base 12
0
5a (base 12) to base 2
1000110
What is 34 (base 11) in base 10?
37
What is 21100 (base 3) in base 4?
3012
Convert c (base 15) to base 5.
22
-136 (base 11) to base 13
-c4
Convert -1134 (base 5) to base 3.
-20021
Convert 2 (base 7) to base 5.
2
9 (base 11) to base 9
10
-2 (base 11) to base 3
-2
What is -94 (base 10) in base 16?
-5e
36 (base 13) to base 16
2d
13 (base 6) to base 10
9
11 (base 6) to base 12
7
Convert -42 (base 13) to base 5.
-204
What is -125 (base 9) in base 5?
-404
0 (base 7) to base 4
0
What is a (base 15) in base 3?
101
1 (base 7) to base 12
1
Convert 1 (base 9) to base 7.
1
What is 1 (base 15) in base 13?
1
4 (base 13) to base 15
4
87 (base 11) to base 2
1011111
Convert -12 (base 5) to base 8.
-7
221 (base 3) to base 4
121
What is -1101 (base 2) in base 10?
-13
What is 25 (base 6) in base 11?
16
Convert 0 (base 5) to base 8.
0
-1010 (base 2) to base 7
-13
What is -70 (base 8) in base 10?
-56
-357 (base 10) to base 14
-1b7
Convert 10311 (base 4) to base 2.
100110101
-49 (base 10) to base 14
-37
Convert -11 (base 16) to base 10.
-17
Convert 85 (base 14) to base 7.
225
What is -72 (base 11) in base 5?
-304
124 (base 5) to base 12
33
What is 1144 (base 7) in base 10?
424
Convert 11 (base 9) to base 3.
101
Convert 3 (base 16) to base 9.
3
86 (base 10) to base 15
5b
What is -101 (base 8) in base 5?
-230
What is b (base 13) in base 5?
21
4 (base 11) to base 10
4
Convert -4 (base 11) to base 9.
-4
48 (base 9) to base 13
35
What is 4 (base 11) in base 14?
4
Convert 100 (base 14) to base 7.
400
41 (base 9) to base 6
101
Convert -100 (base 2) to base 14.
-4
-7 (base 15) to base 3
-21
What is -7 (base 15) in base 8?
-7
Convert -1032 (base 4) to base 14.
-58
Convert -2b (base 15) to base 4.
-221
What is 233 (base 5) in base 3?
2112
-9 (base 13) to base 8
-11
Convert -7 (base 9) to base 16.
-7
-51 (base 7) to base 2
-100100
What is -8 (base 14) in base 15?
-8
What is -3 (base 11) in base 13?
-3
10220 (base 3) to base 8
151
Convert -1 (base 16) to base 2.
-1
-a9 (base 11) to base 4
-1313
320 (base 6) to base 10
120
What is -8 (base 12) in base 8?
-10
10 (base 2) to base 9
2
Convert -43 (base 6) to base 4.
-123
Convert -1 (base 4) to base 12.
-1
What is -c (base 16) in base 2?
-1100
Convert 14 (base 8) to base 13.
c
What is 322 (base 6) in base 8?
172
What is 10 (base 10) in base 11?
a
333 (base 4) to base 15
43
What is -11 (base 2) in base 16?
-3
Convert -115 (base 11) to base 5.
-1022
10 (base 10) to base 16
a
-16 (base 14) to base 5
-40
Convert 24 (base 11) to base 14.
1c
-3f (base 16) to base 7
-120
What is 2100 (base 3) in base 4?
333
Convert 10 (base 4) to base 9.
4
Convert 0 (base 7) to base 3.
0
Convert 221 (base 3) t